{"id":165,"date":"2024-01-29T12:28:51","date_gmt":"2024-01-29T11:28:51","guid":{"rendered":"https:\/\/engos.rs\/?post_type=product&#038;p=165"},"modified":"2024-12-07T18:17:41","modified_gmt":"2024-12-07T17:17:41","slug":"abc-of-i-love-you-platno","status":"publish","type":"product","link":"https:\/\/engos.rs\/?product=abc-of-i-love-you-platno","title":{"rendered":"ABC of I Love You &#8211; \u0161tampa na platnu"},"content":{"rendered":"<p>ABC of I Love You na slikarskom platnu je kreativan poklon za nekoga koga voli\u0161. Ljubav je ono ne\u0161to neuhvatljivo \u0161to svi \u017eelimo i tra\u017eimo. A kada je na\u0111emo\u2026 treba i da je poka\u017eemo.<\/p>\n<p>&nbsp;<\/p>\n<p>Sva slova su tu, ali neka slova su bitnija od drugih i poma\u017eu nam da iska\u017eemo na\u0161a ose\u0107anja. Crvena slova ispisuju I Love You i nalazimo ih u celom alfabetu. Motiv je \u0161tampan na canvasu, slikarskom platnu koje je nategnuto na unutra\u0161nji drveni ram.\u00a0Ovo je originalan poklon za bilo koji va\u017ean datum, a mo\u017eda i bez posebnog povoda.<\/p>\n<p>&nbsp;<\/p>\n<p>Ova neobi\u010dna dekoracija ulep\u0161a\u0107e svaki kutak doma i izmamiti osmeh i toplinu.<\/p>\n<p>&nbsp;<\/p>\n<p>Mogu\u0107a je personalizacija proizvoda.<\/p>\n<p>Rok izrade 2-3 radna dana.<\/p>\n<p>&nbsp;<\/p>\n<p>*<em>Boje mogu blago varirati zbog osvetljenja i uglova fotografisanja.<\/em><\/p>\n<p>&nbsp;<\/p>\n<p><em>*Svi proizvodi i dizajni predstavljeni na ovom sajtu su u vlasni\u0161tvu autora i firme Engos d.o.o. osim ako nije druga\u010dije navedeno. Zabranjeno je svako kopiranje ili kori\u0161\u0107enje sadr\u017eaja, dizajna ili proizcvoda predstavljenih na ovom sajtu.<\/em><\/p>\n","protected":false},"excerpt":{"rendered":"<p>ABC of I Love You na slikarskom platnu je kreativan poklon za nekoga koga voli\u0161. Ljubav je ono ne\u0161to neuhvatljivo \u0161to svi \u017eelimo i tra\u017eimo. A kada je na\u0111emo\u2026 treba i da je poka\u017eemo.<\/p>\n","protected":false},"featured_media":150,"comment_status":"open","ping_status":"closed","template":"","meta":[],"product_brand":[],"product_cat":[19,43],"product_tag":[48,21,47,49,45,46,44,37],"class_list":{"0":"post-165","1":"product","2":"type-product","3":"status-publish","4":"has-post-thumbnail","6":"product_cat-dan-zaljubljenih","7":"product_cat-stampa-na-platnu","8":"product_tag-abeceda-ljubavi","9":"product_tag-dan-zaljubljenih","10":"product_tag-kreativni-poklon","11":"product_tag-slova-ljubavi","12":"product_tag-stampa-na-canvasu","13":"product_tag-stampa-na-kanvasu","14":"product_tag-stampa-na-platnu","15":"product_tag-umetnicke-dekoracije","17":"first","18":"instock","19":"taxable","20":"shipping-taxable","21":"purchasable","22":"product-type-variable"},"_links":{"self":[{"href":"https:\/\/engos.rs\/index.php?rest_route=\/wp\/v2\/product\/165","targetHints":{"allow":["GET"]}}],"collection":[{"href":"https:\/\/engos.rs\/index.php?rest_route=\/wp\/v2\/product"}],"about":[{"href":"https:\/\/engos.rs\/index.php?rest_route=\/wp\/v2\/types\/product"}],"replies":[{"embeddable":true,"href":"https:\/\/engos.rs\/index.php?rest_route=%2Fwp%2Fv2%2Fcomments&post=165"}],"wp:featuredmedia":[{"embeddable":true,"href":"https:\/\/engos.rs\/index.php?rest_route=\/wp\/v2\/media\/150"}],"wp:attachment":[{"href":"https:\/\/engos.rs\/index.php?rest_route=%2Fwp%2Fv2%2Fmedia&parent=165"}],"wp:term":[{"taxonomy":"product_brand","embeddable":true,"href":"https:\/\/engos.rs\/index.php?rest_route=%2Fwp%2Fv2%2Fproduct_brand&post=165"},{"taxonomy":"product_cat","embeddable":true,"href":"https:\/\/engos.rs\/index.php?rest_route=%2Fwp%2Fv2%2Fproduct_cat&post=165"},{"taxonomy":"product_tag","embeddable":true,"href":"https:\/\/engos.rs\/index.php?rest_route=%2Fwp%2Fv2%2Fproduct_tag&post=165"}],"curies":[{"name":"wp","href":"https:\/\/api.w.org\/{rel}","templated":true}]}}