{"id":203,"date":"2024-03-21T20:19:18","date_gmt":"2024-03-21T19:19:18","guid":{"rendered":"https:\/\/engos.rs\/?page_id=203"},"modified":"2024-12-08T17:07:43","modified_gmt":"2024-12-08T16:07:43","slug":"blog","status":"publish","type":"page","link":"https:\/\/engos.rs\/?page_id=203","title":{"rendered":"Blog"},"content":{"rendered":"\n<div class=\"wp-block-query alignwide is-layout-flow wp-block-query-is-layout-flow\">\n<div class=\"wp-block-group is-layout-flow wp-block-group-is-layout-flow\" style=\"margin-top:0;margin-bottom:0;padding-top:var(--wp--preset--spacing--50);padding-right:0;padding-bottom:var(--wp--preset--spacing--50);padding-left:0\"><ul class=\"columns-3 alignfull wp-block-post-template is-layout-grid wp-container-core-post-template-is-layout-2d080239 wp-block-post-template-is-layout-grid\"><li class=\"wp-block-post post-603 post type-post status-publish format-standard has-post-thumbnail hentry category-dekoracije-doma tag-dekoracije tag-dekoracije-doma tag-dekoracije-kuce tag-dekorativne-uspomene tag-personalizovana-umetnost tag-personalizovani-pokloni tag-trajne-uspomene\">\n<figure style=\"aspect-ratio:3\/4; padding-bottom:var(--wp--preset--spacing--20);margin-bottom:0;\" class=\"wp-block-post-featured-image\"><a href=\"https:\/\/engos.rs\/?p=603\" target=\"_self\"  ><img loading=\"lazy\" decoding=\"async\" width=\"1200\" height=\"1500\" src=\"https:\/\/engos.rs\/wp-content\/uploads\/2025\/01\/dekorativni-predmeti-dekoracija-doma.jpg\" class=\"attachment-post-thumbnail size-post-thumbnail wp-post-image\" alt=\"Dekoracije u domu: Srce koje \u010dini prostor \u017eivim\" style=\"width:100%;height:100%;object-fit:cover;\" srcset=\"https:\/\/engos.rs\/wp-content\/uploads\/2025\/01\/dekorativni-predmeti-dekoracija-doma.jpg 1200w, https:\/\/engos.rs\/wp-content\/uploads\/2025\/01\/dekorativni-predmeti-dekoracija-doma-240x300.jpg 240w, https:\/\/engos.rs\/wp-content\/uploads\/2025\/01\/dekorativni-predmeti-dekoracija-doma-819x1024.jpg 819w, https:\/\/engos.rs\/wp-content\/uploads\/2025\/01\/dekorativni-predmeti-dekoracija-doma-768x960.jpg 768w, https:\/\/engos.rs\/wp-content\/uploads\/2025\/01\/dekorativni-predmeti-dekoracija-doma-600x750.jpg 600w\" sizes=\"auto, (max-width: 1200px) 100vw, 1200px\" \/><\/a><\/figure>\n\n\n<div class=\"wp-block-group is-vertical is-nowrap is-layout-flex wp-container-core-group-is-layout-97ba36a5 wp-block-group-is-layout-flex\" style=\"margin-top:var(--wp--preset--spacing--20);padding-top:0\"><h2 class=\"wp-block-post-title has-large-font-size wp-container-content-32e3a40d\"><a href=\"https:\/\/engos.rs\/?p=603\" target=\"_self\" >Dekoracije u domu: Srce koje \u010dini prostor \u017eivim<\/a><\/h2>\n\n<div class=\"wp-block-template-part\">\n\n<div class=\"wp-block-group has-global-padding is-layout-constrained wp-block-group-is-layout-constrained\">\n\t\n\t<div class=\"wp-block-group is-content-justification-left is-layout-flex wp-container-core-group-is-layout-dfe8e91f wp-block-group-is-layout-flex\">\n\t\t<div class=\"wp-block-post-date\"><time datetime=\"2025-01-09T17:43:43+01:00\"><a href=\"https:\/\/engos.rs\/?p=603\">Jan 9, 2025<\/a><\/time><\/div>\n\n\t\t\n\t\t<p class=\"has-contrast-2-color has-text-color\">\u2014<\/p>\n\t\t\n\n\t\t\n\t\t<p class=\"has-small-font-size has-contrast-2-color has-text-color\">by<\/p>\n\t\t\n\n\t\t<div class=\"wp-block-post-author-name\"><a href=\"https:\/\/engos.rs\/?author=1\" target=\"_self\" class=\"wp-block-post-author-name__link\">branci<\/a><\/div>\n\n\t\t<div class=\"taxonomy-category wp-block-post-terms\"><span class=\"wp-block-post-terms__prefix\">in <\/span><a href=\"https:\/\/engos.rs\/?cat=93\" rel=\"tag\">Dekoracije doma<\/a><\/div>\n\n\t<\/div>\n\t\n<\/div>\n\n\n<\/div>\n\n<div class=\"wp-block-post-excerpt has-text-color has-contrast-2-color has-small-font-size wp-container-content-32e3a40d\"><p class=\"wp-block-post-excerpt__excerpt\">Dekoracije u domu nisu samo estetski detalji; one su srce koje pokre\u0107e prostor i \u010dini ga jedinstvenim odrazom na\u0161e li\u010dnosti. Jo\u0161 od najranijih vremena ljudi su ukra\u0161avali svoje domove na razli\u010dite na\u010dine. Kroz istoriju praksa ukra\u0161avanja doma je evoluirala od jednostavnih prirodnih ukrasa do slo\u017eenih umetni\u010dkih dela. U ovom tekstu, istra\u017eujemo zna\u010daj dekoracija u na\u0161em<\/p><p class=\"wp-block-post-excerpt__more-text\"><a class=\"wp-block-post-excerpt__more-link\" href=\"https:\/\/engos.rs\/?p=603\">\u010citaj dalje<\/a><\/p><\/div>\n\n\n<div style=\"height:0px\" aria-hidden=\"true\" class=\"wp-block-spacer wp-container-content-32e3a40d\"><\/div>\n<\/div>\n\n<\/li><li class=\"wp-block-post post-206 post type-post status-publish format-standard has-post-thumbnail hentry category-pokloni tag-personalizovani-pokloni tag-pokloni-su-vazni tag-pokloni-za-dan-zaljubljenih tag-pokloni-za-njega tag-pokloni-za-nju tag-pokloni-za-novu-godinu tag-pokloni-za-osmi-mart tag-pokloni-za-rodjendan tag-pokloni-za-svadbe tag-pokloni-za-vencanje tag-savrseni-pokloni tag-unikatni-pokloni\">\n<figure style=\"aspect-ratio:3\/4; padding-bottom:var(--wp--preset--spacing--20);margin-bottom:0;\" class=\"wp-block-post-featured-image\"><a href=\"https:\/\/engos.rs\/?p=206\" target=\"_self\"  ><img loading=\"lazy\" decoding=\"async\" width=\"1200\" height=\"630\" src=\"https:\/\/engos.rs\/wp-content\/uploads\/2024\/03\/unikatni-pokloni-kreativni-pokloni-za-njega.jpg\" class=\"attachment-post-thumbnail size-post-thumbnail wp-post-image\" alt=\"Pokloni i va\u017enost darivanja: most izme\u0111u srca i du\u0161e\" style=\"width:100%;height:100%;object-fit:cover;\" srcset=\"https:\/\/engos.rs\/wp-content\/uploads\/2024\/03\/unikatni-pokloni-kreativni-pokloni-za-njega.jpg 1200w, https:\/\/engos.rs\/wp-content\/uploads\/2024\/03\/unikatni-pokloni-kreativni-pokloni-za-njega-300x158.jpg 300w, https:\/\/engos.rs\/wp-content\/uploads\/2024\/03\/unikatni-pokloni-kreativni-pokloni-za-njega-1024x538.jpg 1024w, https:\/\/engos.rs\/wp-content\/uploads\/2024\/03\/unikatni-pokloni-kreativni-pokloni-za-njega-768x403.jpg 768w, https:\/\/engos.rs\/wp-content\/uploads\/2024\/03\/unikatni-pokloni-kreativni-pokloni-za-njega-600x315.jpg 600w\" sizes=\"auto, (max-width: 1200px) 100vw, 1200px\" \/><\/a><\/figure>\n\n\n<div class=\"wp-block-group is-vertical is-nowrap is-layout-flex wp-container-core-group-is-layout-97ba36a5 wp-block-group-is-layout-flex\" style=\"margin-top:var(--wp--preset--spacing--20);padding-top:0\"><h2 class=\"wp-block-post-title has-large-font-size wp-container-content-32e3a40d\"><a href=\"https:\/\/engos.rs\/?p=206\" target=\"_self\" >Pokloni i va\u017enost darivanja: most izme\u0111u srca i du\u0161e<\/a><\/h2>\n\n<div class=\"wp-block-template-part\">\n\n<div class=\"wp-block-group has-global-padding is-layout-constrained wp-block-group-is-layout-constrained\">\n\t\n\t<div class=\"wp-block-group is-content-justification-left is-layout-flex wp-container-core-group-is-layout-dfe8e91f wp-block-group-is-layout-flex\">\n\t\t<div class=\"wp-block-post-date\"><time datetime=\"2024-03-21T20:20:12+01:00\"><a href=\"https:\/\/engos.rs\/?p=206\">Mar 21, 2024<\/a><\/time><\/div>\n\n\t\t\n\t\t<p class=\"has-contrast-2-color has-text-color\">\u2014<\/p>\n\t\t\n\n\t\t\n\t\t<p class=\"has-small-font-size has-contrast-2-color has-text-color\">by<\/p>\n\t\t\n\n\t\t<div class=\"wp-block-post-author-name\"><a href=\"https:\/\/engos.rs\/?author=1\" target=\"_self\" class=\"wp-block-post-author-name__link\">branci<\/a><\/div>\n\n\t\t<div class=\"taxonomy-category wp-block-post-terms\"><span class=\"wp-block-post-terms__prefix\">in <\/span><a href=\"https:\/\/engos.rs\/?cat=1\" rel=\"tag\">Pokloni i poklanjanje<\/a><\/div>\n\n\t<\/div>\n\t\n<\/div>\n\n\n<\/div>\n\n<div class=\"wp-block-post-excerpt has-text-color has-contrast-2-color has-small-font-size wp-container-content-32e3a40d\"><p class=\"wp-block-post-excerpt__excerpt\">Od kada postoji civilizacija, ljudi su poklanjali jedni drugima. Pokloni su kroz istoriju bili simboli po\u0161tovanja, zahvalnosti, ljubavi i prijateljstva. Bilo da je u pitanju jednostavan komad nakita, cve\u0107e ili simboli\u010dan gest pa\u017enje, darivanje je univerzalna praksa. Darivanje nas povezuje i izra\u017eava ose\u0107anja na na\u010din na koji re\u010di ponekad ne mogu.&nbsp; Ali za\u0161to zapravo poklanjamo<\/p><p class=\"wp-block-post-excerpt__more-text\"><a class=\"wp-block-post-excerpt__more-link\" href=\"https:\/\/engos.rs\/?p=206\">\u010citaj dalje<\/a><\/p><\/div>\n\n\n<div style=\"height:0px\" aria-hidden=\"true\" class=\"wp-block-spacer wp-container-content-32e3a40d\"><\/div>\n<\/div>\n\n<\/li><\/ul>\n\n\n<div style=\"margin-top:0;margin-bottom:0;height:var(--wp--preset--spacing--40)\" aria-hidden=\"true\" class=\"wp-block-spacer\"><\/div>\n\n\n<\/div>\n<\/div>\n","protected":false},"excerpt":{"rendered":"","protected":false},"author":1,"featured_media":0,"parent":0,"menu_order":0,"comment_status":"closed","ping_status":"closed","template":"","meta":{"footnotes":""},"class_list":["post-203","page","type-page","status-publish","hentry"],"_links":{"self":[{"href":"https:\/\/engos.rs\/index.php?rest_route=\/wp\/v2\/pages\/203","targetHints":{"allow":["GET"]}}],"collection":[{"href":"https:\/\/engos.rs\/index.php?rest_route=\/wp\/v2\/pages"}],"about":[{"href":"https:\/\/engos.rs\/index.php?rest_route=\/wp\/v2\/types\/page"}],"author":[{"embeddable":true,"href":"https:\/\/engos.rs\/index.php?rest_route=\/wp\/v2\/users\/1"}],"replies":[{"embeddable":true,"href":"https:\/\/engos.rs\/index.php?rest_route=%2Fwp%2Fv2%2Fcomments&post=203"}],"version-history":[{"count":3,"href":"https:\/\/engos.rs\/index.php?rest_route=\/wp\/v2\/pages\/203\/revisions"}],"predecessor-version":[{"id":594,"href":"https:\/\/engos.rs\/index.php?rest_route=\/wp\/v2\/pages\/203\/revisions\/594"}],"wp:attachment":[{"href":"https:\/\/engos.rs\/index.php?rest_route=%2Fwp%2Fv2%2Fmedia&parent=203"}],"curies":[{"name":"wp","href":"https:\/\/api.w.org\/{rel}","templated":true}]}}